divided by 4.
2
What is the remainder when 219 is divided by 33?
21
What is the remainder when 76 is divided by 16?
12
Calculate the remainder when 6245 is divided by 18.
17
What is the remainder when 3996 is divided by 266?
6
Calculate the remainder when 1495 is divided by 24.
7
What is the remainder when 680 is divided by 114?
110
What is the remainder when 3411 is divided by 262?
5
Calculate the remainder when 6903 is divided by 2297.
12
What is the remainder when 999 is divided by 25?
24
What is the remainder when 482 is divided by 23?
22
Calculate the remainder when 2726 is divided by 22.
20
What is the remainder when 534 is divided by 111?
90
What is the remainder when 15739 is divided by 5?
4
What is the remainder when 64 is divided by 22?
20
Calculate the remainder when 528 is divided by 140.
108
Calculate the remainder when 43 is divided by 10.
3
Calculate the remainder when 159 is divided by 43.
30
Calculate the remainder when 1049 is divided by 81.
77
What is the remainder when 4125 is divided by 24?
21
Calculate the remainder when 154 is divided by 12.
10
Calculate the remainder when 787 is divided by 33.
28
Calculate the remainder when 163 is divided by 26.
7
Calculate the remainder when 839 is divided by 171.
155
What is the remainder when 292 is divided by 70?
12
Calculate the remainder when 3167 is divided by 72.
71
Calculate the remainder when 32 is divided by 29.
3
Calculate the remainder when 449 is divided by 45.
44
Calculate the remainder when 5738 is divided by 82.
80
Calculate the remainder when 8129 is divided by 79.
71
Calculate the remainder when 128 is divided by 67.
61
Calculate the remainder when 65 is divided by 31.
3
What is the remainder when 295 is divided by 101?
93
Calculate the remainder when 427 is divided by 71.
1
What is the remainder when 583 is divided by 155?
118
What is the remainder when 48 is divided by 36?
12
Calculate the remainder when 248 is divided by 28.
24
Calculate the remainder when 717 is divided by 24.
21
What is the remainder when 833 is divided by 138?
5
What is the remainder when 232 is divided by 94?
44
What is the remainder when 4282 is divided by 116?
106
What is the remainder when 78 is divided by 31?
16
Calculate the remainder when 101 is divided by 17.
16
Calculate the remainder when 1311 is divided by 94.
89
What is the remainder when 277 is divided by 56?
53
Calculate the remainder when 198 is divided by 50.
48
What is the remainder when 186 is divided by 83?
20
What is the remainder when 2036 is divided by 1?
0
What is the remainder when 3875 is divided by 37?
27
Calculate the remainder when 73 is divided by 13.
8
What is the remainder when 111 is divided by 107?
4
Calculate the remainder when 884 is divided by 845.
39
Calculate the remainder when 215 is divided by 34.
11
Calculate the remainder when 1158 is divided by 29.
27
What is the remainder when 462 is divided by 75?
12
Calculate the remainder when 246 is divided by 78.
12
Calculate the remainder when 565 is divided by 78.
19
What is the remainder when 164 is divided by 53?
5
What is the remainder when 383 is divided by 120?
23
What is the remainder when 9138 is divided by 37?
36
Calculate the remainder when 161 is divided by 33.
29
What is the remainder when 1196 is divided by 132?
8
Calculate the remainder when 708 is divided by 79.
76
What is the remainder when 117 is divided by 31?
24
Calculate the remainder when 635 is divided by 292.
51
Calculate the remainder when 315 is divided by 25.
15
What is the remainder when 1349 is divided by 53?
24
Calculate the remainder when 2906 is divided by 26.
20
Calculate the remainder when 511 is divided by 65.
56
Calculate the remainder when 147 is divided by 134.
13
Calculate the remainder when 673 is divided by 36.
25
Calculate the remainder when 719 is divided by 163.
67
What is the remainder when 959 is divided by 74?
71
Calculate the remainder when 274 is divided by 77.
43
What is the remainder when 151 is divided by 7?
4
Calculate the remainder when 4962 is divided by 54.
48
What is the remainder when 111 is divided by 12?
3
Calculate the remainder when 80 is divided by 7.
3
What is the remainder when 5688 is divided by 74?
64
Calculate the remainder when 941 is divided by 136.
125
Calculate the remainder when 216 is divided by 62.
30
What is the remainder when 45 is divided by 22?
1
What is the remainder when 376 is divided by 65?
51
Calculate the remainder when 1027 is divided by 4.
3
Calculate the remainder when 267 is divided by 65.
7
Calculate the remainder when 507 is divided by 85.
82
Calculate the remainder when 1957 is divided by 88.
21
Calculate the remainder when 724 is divided by 29.
28
What is the remainder when 142 is divided by 16?
14
What is the remainder when 2840 is divided by 1419?
2
Calculate the remainder when 183 is divided by 174.
9
What is the remainder when 183 is divided by 17?
13
Calculate the remainder when 258 is divided by 35.
13
What is the remainder when 63 is divided by 18?
9
What is the remainder when 102 is divided by 11?
3
What is the remainder when 282 is divided by 95?
92
Calculate the remainder when 227 is divided by 21.
17
What is the remainder when 8 is divided by 8?
0
What is the remainder when 354 is divided by 15?
9
Calculate the remainder when 617 is divided by 170.
107
What is the remainder when 210 is divided by 53?
51
What is the remainder when 58 is divided by 22?
14
Calculate the remainder when 2583 is divided by 40.
23
Calculate the remainder when 15477 is divided by 24.
21
Calculate the remainder when 244 is divided by 235.
9
What is the remainder when 247 is divided by 16?
7
Calculate the remainder when 922 is divided by 33.
31
Calculate the remainder when 3323 is divided by 74.
67
Calculate the remainder when 10576 is divided by 129.
127
What is the remainder when 63 is divided by 26?
11
Calculate the remainder when 63 is divided by 11.
8
Calculate the remainder when 146 is divided by 113.
33
What is the remainder when 107 is divided by 34?
5
What is the remainder when 755 is divided by 150?
5
What is the remainder when 48 is divided by 26?
22
What is the remainder when 1396 is divided by 196?
24
What is the remainder when 1579 is divided by 176?
171
What is the remainder when 480 is divided by 146?
42
Calculate the remainder when 7086 is divided by 17.
14
What is the remainder when 356 is divided by 95?
71
Calculate the remainder when 148 is divided by 17.
12
What is the remainder when 182 is divided by 46?
44
What is the remainder when 1502 is divided by 496?
14
What is the remainder when 1436 is divided by 131?
126
What is the remainder when 418 is divided by 14?
12
What is the remainder when 130 is divided by 45?
40
Calculate the remainder when 12737 is divided by 72.
65
What is the remainder when 87 is divided by 13?
9
What is the remainder when 279 is divided by 69?
3
Calculate the remainder when 1986 is divided by 51.
48
Calculate the remainder when 2745 is divided by 232.
193
Calculate the remainder when 388 is divided by 67.
53
What is the remainder when 1249 is divided by 55?
39
What is the remainder when 3089 is divided by 3081?
8
What is the remainder when 1223 is divided by 304?
7
What is the remainder when 2174 is divided by 46?
12
Calculate the remainder when 4372 is divided by 1449.
25
What is the remainder when 2225 is divided by 1108?
9
Calculate the remainder when 1502 is divided by 16.
14
Calculate the remainder when 61 is divided by 19.
4
Calculate the remainder when 550 is divided by 53.
20
What is the remainder when 2084 is divided by 149?
147
Calculate the remainder when 930 is divided by 133.
132
What is the remainder when 3546 is divided by 91?
88
What is the remainder when 1145 is divided by 41?
38
Calculate the remainder when 350 is divided by 72.
62
What is the remainder when 5849 is divided by 10?
9
What is the remainder when 161 is divided by 33?
29
What is the remainder when 74 is divided by 12?
2
What is the remainder when 218 is divided by 216?
2
Calculate the remainder when 4259 is divided by 71.
70
Calculate the remainder when 35 is divided by 26.
9
What is the remainder when 325 is divided by 191?
134
What is the remainder when 3391 is divided by 1126?
13
What is the remainder w